2*z**4 + 23*z**2 - 1/20*z**5. Let f = -3 - -7. Calculate t(f).
4
Let s(j) = -45 + j**3 - j - j + 41 - 3*j**2. Let b = -4 + 8. Determine s(b).
4
Let x = -24 + 34. Let t(p) = -p**2 - 2 - 16 + x*p + 2*p**2. Let a be t(-12). Let o(k) = k**3 - 5*k**2 - 7*k + 2. Calculate o(a).
-4
Suppose -5*m - 36 = -c, 2*m = -c - 2*c - 28. Let y(g) be the third derivative of -g**6/120 - 2*g**5/15 - g**4/12 - 5*g**3/3 + 85*g**2. Give y(m).
6
Let i(s) = s**3 + s + 1. Let l(c) = -2*c**3 + 5*c**2 - 6*c + 3. Let h(u) = i(u) + l(u). Suppose m - 1 = 7. Suppose -m - 4 = -3*q. What is h(q)?
0
Suppose 3*b - 1353 = -8*b. Let f = b - 121. Let s(r) = 5*r**2 - 2*r - 2. What is s(f)?
14
Suppose -3*s + 14*i - 7 = 12*i, 0 = -3*s - 3*i + 3. Let d(p) = -p**2 + 5*p + 4. Let x be d(5). Let w(c) = 0*c + 0*c - x*c**2 + 1. Give w(s).
-3
Suppose 63*x + 37 = 64*x. Let w(c) = -x*c**2 - 4*c**3 - 8*c + 47*c**2 - 7 + 3*c**3. Calculate w(9).
2
Let h = -7 + 11. Let u(d) = 0*d + h*d + 6 - 3*d. Let q be 10*4/20*-3. Calculate u(q).
0
Suppose 7*b - 12*b = -140. Suppose v + 3*v = b. Let d(m) = -3*m**2 + 5 + m**2 + 7*m + m**2. Determine d(v).
5
Suppose -3*q = -3*x - 24, 26 = -2*q + x - 6*x. Let z(y) be the first derivative of 2*y**3 - y**2 - y + 1. Calculate z(q).
19
Let g be 1/(-1)*0 - -3. Let h(n) = -28*n - 30. Let v(o) = -3*o - 3. Let m(l) = h(l) - 9*v(l). Give m(g).
-6
Let f(p) = -p**2 + 3*p - 3. Let j = 310 - 308. Calculate f(j).
-1
Let i(q) = -11*q + 9. Let h(v) = -5*v + 4. Let g(k) = 5*h(k) - 2*i(k). Suppose -1 = 5*y - 16. What is g(y)?
-7
Let s(z) = 534*z - z**2 - 179*z - 180*z - 178*z. What is s(4)?
-28
Let v(w) = -w. Let s(x) = -x**3 - 15*x**2 - 15*x - 9. Let d be s(-14). Let p(r) = -3*r - 1. Let a(g) = d*v(g) - 3*p(g). What is a(-3)?
-9
Let j(p) = -p**2 - 6*p + 5. Suppose 0 = -14*h + 12*h - 18. Calculate j(h).
-22
Let j(a) = -10*a**2 + 3*a + 1. Let h(t) = 11*t**2 - 2*t - 1. Let x(m) = -3*h(m) - 2*j(m). Determine x(-1).
-12
Suppose 19*o = d + 14*o - 16, 5*d = -3*o - 4. Let v(f) = -2*f - 1. Calculate v(d).
-3
Suppose 3*u + 2*u - 10 = 0. Let f(d) = d**2 - 6*d**2 + 19*d - d**2 - 14*d - 3 + 5*d**2. What is f(u)?
3
Let z(a) = 4*a**3 + 6*a**2 + 6*a - 1. Let n(g) = -7*g**2 - 5*g**3 - 7*g + 9*g**2 + 1 - 9*g**2. Let s(h) = 5*n(h) + 6*z(h). Give s(2).
-3
Let c(x) = 4*x**3 + 4*x**2 - 9*x - 2. Let h(r) = 3*r**3 + 2*r**2 - 6*r - 1. Let j(l) = -5*c(l) + 7*h(l). Give j(6).
21
Let v be -1*((0 - -1) + 6). Let a(n) = -7*n**2 - 5*n**3 + n + 4*n**3 + 8271 - 8270. Give a(v).
-6
Let i(r) = r**2 + r - 9. Suppose -2*p - 15 - 19 = 0. Suppose -33*o + 25*o = -136. Let c = o + p. Calculate i(c).
-9
Suppose 0 = -3*n - 5*p - 4, -3*n + 11 - 1 = -2*p. Let l(s) be the second derivative of s**3/6 + 5*s. Give l(n).
2
Let k(c) = 11 + 2 - c - 6. Let h be k(4). Let g(f) = -3*f**2 - 6 + 3 + 0*f**3 + f**3 + 3*f. What is g(h)?
6
Suppose -2*s + 3*s = -z + 6, -30 = -5*s - 3*z. Suppose 0 = s*c - 11*c - 20. Let p(n) = 0 + 0 + 1 + 2*n. What is p(c)?
-7
Let l(u) be the second derivative of -u**5/2 - 154*u. Give l(1).
-10
Let u = -318 + 328. Let j(w) = -2*w + 12. What is j(u)?
-8
Let v = -4 + -2. Let h be -6*1/(4/(-124)). Let r(u) = h*u + 4 + 4 + u**2 - 179*u. Give r(v).
2
Suppose 3*v + 5*t + 9 - 36 = 0, -4*v = 4*t - 28. Let h be (3 - (v - 0)) + 3. Suppose h*f - 2*c - 2 = 0, -3*f - 3*c - 4 = -1. Let a(m) = -m - 1. Give a(f).
-1
Let n = -26 - -16. Let d = 12 + n. Let y(p) = 3 + 3*p - d - 2. What is y(2)?
5
Let g(o) = o**3 - 8*o**2 - 2*o + 11. Let i = 39 - 22. Suppose 21*w - 32 = i*w. What is g(w)?
-5
Let o = -46 + 42. Let f(v) be the second derivative of -2*v**2 + 1/2*v**3 + 1/20*v**5 + 5/12*v**4 + v + 0. Calculate f(o).
0
Let p(b) = 6*b**3 + 7*b**2 - 5*b - 3. Let z(g) = 7*g**3 + 9*g**2 - 7*g - 4. Let v(k) = -4*p(k) + 3*z(k). What is v(-2)?
22
Let t(k) = -11*k - 34. Let n(v) = -44*v - 149. Let f(l) = -2*n(l) + 9*t(l). Calculate f(-1).
3
Let o(c) = c**2 + 3*c - 3. Let n = -6 - -9. Let s be (-78)/18 - (-1)/n. Determine o(s).
1
Suppose -3*p + 4*j + 21 + 0 = 0, 5*p = 5*j + 30. Let t(w) be the third derivative of 0 + 0*w + 1/2*w**3 - 2*w**2 - 1/8*w**4. Calculate t(p).
-6
Let v(w) = -w**3 + w - 1. Suppose -2*c + c = -3. Suppose 2*z + 2*q = 46, 7*q + 63 = c*z + 4*q. Suppose 4*i = -2 + z, -4*o - 28 = -4*i. Calculate v(o).
5
Let m be (25/(-1))/5*-2. Let z(k) = 2*k - 17. What is z(m)?
3
Let m(d) be the third derivative of -d**6/120 + 3*d**3/2 + 2*d**2 - 1. Give m(0).
9
Let q(s) = s**2 - 13*s - 48. Let h be q(19). Let g(f) = -123*f**2 + h*f**2 + 56*f**2. What is g(1)?
-1
Suppose 3*q + 2*h = 14, -10*q = -7*q - 5*h + 14. Let x(g) = -g**2 + 4*g - 4. Give x(q).
0
Let h(f) be the first derivative of -f**2 + f - 3. Let c be (-66)/9*(-15)/10. Suppose 10*a = c*a + 1. Give h(a).
3
Let h(m) = m - 2. Let r(a) = a**2 - 3*a + 1. Let o(s) = s + 1. Let n(z) = -14*z - 12. Let u(i) = -n(i) - 12*o(i). Let p be u(2). Let t be r(p). Determine h(t).
3
Let p(s) = 881*s + 3*s**2 - s**3 - 5 - 882*s + 6. Let w(l) = l**2 - 4*l + 2. Let k be w(4). Determine p(k).
3
Suppose -21 = 4*k - t - 17, 2*k - 4*t = -2. Let j(s) = 48*s - 1. Give j(k).
-49
Suppose 7*y = 4*y + 12. Let o be (-8)/32 + 101/y. Suppose 0 = -5*h - g + o, 0 = 5*h - 2*g - 2*g. Let z(m) = -m + 3. What is z(h)?
-1
Let z(d) = -2*d - 16. Let j(v) = 2*v**2 - 4*v - 5. Let y be j(4). Let x be (0 - -1)/((-1)/y). What is z(x)?
6
Let i be 2/7 + 672/49. Suppose -4*j - i = -o + 3*o, 12 = -4*o - 4*j. Suppose o = -2*u + 7. Let r(s) = s**3 - 2*s**2 + 2*s - 2. What is r(u)?
13
Suppose 722 - 674 = -8*i. Let t(o) = o**3 + 9*o**2 + 8*o - 5. Calculate t(i).
55
Let h(j) = -2*j**2 - 13*j + 1. Let s be h(-6). Let z be (-2)/(5/(75/(-6))). Let f(a) = -5 - 9 - 6*a + s*a + z. Give f(5).
-4
Let a = 43 - 41. Let z be 5 + (-9)/(a - 5). Let s(m) = -m**3 + 9*m**2 - 7*m - 2. Determine s(z).
6
Let d(j) = 10*j**3 + j**2 - j. Let p(c) = -2*c - 1. Let a be p(-6). Suppose -4*x + 2*x = -24. Let f = x - a. Give d(f).
10
Let l = 93 - 94. Let h = 5 - 1. Let x(v) = -3 + 1 - 2*v - 3 + h. Calculate x(l).
1
Let c(t) = 2*t**3 - t**2 - 2*t - 1. Let w be ((-72)/(-27))/((-2)/(-3)). Suppose 3*z - w = -5*j, -4*j - 2*z - z + 5 = 0. Determine c(j).
-2
Let l(u) = -u**2 + 2*u + 1. Let r = 0 + 32. Suppose r = 9*c - c. What is l(c)?
-7
Let m = -5 - -7. Suppose 5*l = m*l. Let i(k) = -k**3 + 3 - 1 + 0*k**3 + k. What is i(l)?
2
Let q(f) = -5*f**2 + 1. Let o(c) = 16*c - 12. Let j be o(1). Let w(h) = -2*h**2 - h. Let s(v) = j*w(v) - 2*q(v). What is s(4)?
14
Suppose 5*a - 10*a = 8*a. Let x(z) = -6*z + 7. Let j(v) = -v + 1. Let t(p) = -5*j(p) + x(p). Calculate t(a).
2
Let s be -2 - -2 - 3 - (-1 - 10). Let p(v) = v**2 - s + 10 + 1 - 4 + 5*v. Give p(-5).
-1
Let f(s) = s**2 + 4*s - 9. Let h be f(0). Let k(i) = -i**2 - 10*i. Determine k(h).
9
Let h = 1 - 1. Suppose 3*y - y = h. Let i(k) = k**3 + k - 6. Let p be i(y). Let s(c) = c**3 + 5*c**2 - 8*c - 7. Determine s(p).
5
Let v(i) = -8*i - 1. Let l be v(-1). Suppose l*g = 10*g - 12. Let x(c) = -c + 0*c**2 + c**2 - 1 + 0*c**2. Calculate x(g).
11
Let f be 33/6 + (-9)/6. Let j(h) be the third derivative of 0*h - 1/6*h**3 + h**2 + 0 - 1/12*h**f. Determine j(1).
-3
Let v(f) = f**3 - 1. Let i(y) = 7*y**3 + 8*y**3 - 7 - 3*y**2 - 5*y**2 - 18*y**3 - 6*y. Let o(p) = -i(p) - 2*v(p). Determine o(-7).
16
Let h(w) = 1396*w - 702*w - 697*w - 2. What is h(1)?
-5
Let b(a) = 10*a + 1. Suppose 6*f = 44 + 16. Suppose -18*j + 13*j = f. Determine b(j).
-19
Let f = 46 + -33. Suppose 1 = -4*a + f. Let w(t) be the first derivative of -t**3/3 + 2*t**2 - 2*t - 2. What is w(a)?
1
Let v(n) = 3*n + n**2 + 9 - 3*n**2 - 18 + 5. Determine v(3).
-13
Suppose 11 = 5*l - 24. Let m(i) = -39 - l*i + 32 - i**2 + 17. Let w be m(-8). Let q(p) = -5*p - 1. Determine q(w).
-11
Let c(h) = -7*h**3 + 5*h**2 - 8*h - 8. Let s(u) = 20*u**3 - 14*u**2 + 23*u + 23. Let v(g) = 17*c(g) + 6*s(g). What is v(-2)?
-6
Let k(w) = w**2 + 3*w - 1. Let r(t) = -4*t**2 - 9*t + 3. Let l(s) = -7*k(s) - 2*r(s). Calculate l(-4).
29
Let g(m) be the third derivative of 1/6*m**4 + 0*m - 1/60*m**5 + 1/2*m**3 - 12*m**2 + 0. Give g(5).
-2
Let o(s) = -5*s**2 - 4*s - 4. Let h(i) = i**2 + 2*i - 11. Let a be h(-4). Determine o(a).
-37
Let v(h) = -19*h**3 - h**2 - h + 3. Let u(n) = 75*n**3 + 4*n**2 + 4*n - 13. Let w(a) = -2*u(a) - 9*v(a). What is w(1)?
22
Suppose 49*r = 30*r - 76. Let o(l) = -l**3 + 2*l - 2. C